ppose -6 = -h + 2. What is the remainder when z is divided by h?
7
Calculate the remainder when (-760)/(-30) + 2/(-6) is divided by 13.
12
Suppose 0*s = -s - 4*g + 37, -5*s + 236 = 3*g. What is the remainder when s is divided by 18?
13
Let j = 10 - 6. What is the remainder when j is divided by 1?
0
Suppose 297 = -d + 2*d. Let u be (-2)/3*d/(-6). Suppose -u = -2*o - o. What is the remainder when 19 is divided by o?
8
Let w(x) = x**2 - 18*x - 8. Let k(j) = -j**2 + 17*j + 7. Let t(g) = 6*k(g) + 5*w(g). Let m be 12*3*3/18. Calculate the remainder when t(m) is divided by 20.
18
Let b = 22 - 15. Calculate the remainder when 11 is divided by b.
4
Suppose -2*j + 18 + 42 = 0. What is the remainder when 88 is divided by j?
28
Let w = 16 - 9. Suppose -i = -4 - w. Calculate the remainder when 32 is divided by i.
10
Let j(s) = 2*s**3 - 3*s**2 - 2*s - 2. What is the remainder when j(3) is divided by 10?
9
Let p = 14 - -24. What is the remainder when p is divided by 13?
12
Suppose 2*k - k = -2*s + 86, 3*k + 4*s - 260 = 0. Calculate the remainder when k is divided by 15.
13
Let x(n) = n**2 + 2*n + 3. Let u(v) = v**2 + 9*v + 6. Let z be u(-8). What is the remainder when 9 is divided by x(z)?
0
Suppose -4*p = 2*d - 32, p + 5*d - 17 = -0*p. Suppose -u + 5*u - 76 = 0. What is the remainder when u is divided by p?
5
Let k = 7 - 8. Calculate the remainder when 19 is divided by (2/(-2) - -13) + k.
8
Let l be (-6)/4*(-10)/3. Let b(q) = q**2 + 8*q + 8. Let j be b(-7). Suppose j = d + l*f - 0, 2*f + 114 = 4*d. What is the remainder when d is divided by 9?
8
Let o = -13 - -6. Let p(f) be the second derivative of -f**5/20 - 5*f**4/12 + 3*f**3/2 + 9*f**2/2 - 2*f. What is the remainder when p(o) is divided by 15?
14
Let t = 13 + 11. Let j(h) = 3*h**2 - 7*h + 6. What is the remainder when j(5) is divided by t?
22
Let v = 28 - -37. Suppose -16 = -y + 6. Calculate the remainder when v is divided by y.
21
Suppose 0 = -5*k + 124 - 9. Let u = -6 + k. Suppose 4*d + 38 = 2*f, 6*f - f = 5*d + 70. Calculate the remainder when u is divided by f.
8
Suppose 0 = -7*z + 264 + 506. Calculate the remainder when z is divided by 56.
54
Let g(z) = 5*z**2 + 3*z + 1. Calculate the remainder when 42 is divided by g(-2).
12
Suppose -5 = -2*l - 3*l. What is the remainder when 18/(-30) + (-13)/(-5) is divided by l?
0
Suppose 0 = -4*a - j + 149, 0 = 9*a - 11*a + 4*j + 52. What is the remainder when 250 is divided by a?
34
Suppose 10*g - 9 = g. Calculate the remainder when 3 is divided by g.
0
Let v = 0 - -4. Let c(b) = -2*b**2 + 5*b + 4. Let z be c(v). What is the remainder when 6 is divided by (-10 - 0)*z/20?
2
Let s(m) = 27*m - 7. Calculate the remainder when 56 is divided by s(1).
16
Suppose 0 = -4*z + 3*z + 31. Calculate the remainder when z is divided by 11.
9
Let m(c) = -c**2 + 8*c + 2. Let k be (6/(-15))/((-1)/20). Suppose -4*w + 3*w - 3*r + k = 0, 2*r = -6. Calculate the remainder when w is divided by m(7).
8
Let a = -77 - -41. Let o be a/(-16)*16/6. Suppose -o*c + 2*c - b + 73 = 0, -4*b + 88 = 4*c. What is the remainder when 33 is divided by c?
16
Suppose 7 = -5*n + 22. Let v(l) = -l**3 + 5*l**2 - 3*l + 2. Calculate the remainder when -3*n/(-9)*15 is divided by v(2).
7
Let y(b) = b**3 + 5*b**2 - 6*b + 8. Let t(i) = -9*i - 2. Let w be t(-2). Calculate the remainder when w + (4/(-1))/4 is divided by y(-6).
7
Let r = -42 + 86. Calculate the remainder when r is divided by 15.
14
Suppose 0*n + 33 = 3*n + 3*m, -3*n + 9 = -5*m. Suppose -3*w - 201 = -4*f - n*w, 4*w - 20 = 0. Let p = f + -29. What is the remainder when 43 is divided by p?
13
Let c = 38 - 17. What is the remainder when 39 is divided by c?
18
Calculate the remainder when 71 is divided by 8/28 + (-246)/(-21).
11
Let f(v) = -v**3 - 15*v**2 - 18*v - 7. Calculate the remainder when f(-14) is divided by 17.
15
Let g(d) = 7*d - 5. Let w(n) = 33*n - 33 + 9 + 3*n. Let t(v) = 11*g(v) - 2*w(v). What is the remainder when t(5) is divided by 5?
3
Suppose j - n - 43 = 0, -3*n + 7 = j - 16. Suppose -w + 4 = -5*o + 167, o - 2*w = j. Suppose -k + 5 = -6. What is the remainder when o is divided by k?
10
Suppose 20 = -4*j, -4*p + 4*j + 66 + 334 = 0. Calculate the remainder when p is divided by 11.
7
Let h(i) = 3*i**2 - 2*i + 4. Calculate the remainder when h(-3) is divided by 13.
11
Suppose -3*t - 4*a - 93 - 65 = 0, -4*t = 3*a + 213. Let v = t - -87. Calculate the remainder when v is divided by 18.
15
Let j(l) = l**3 + 7*l**2 + 2*l - 9. What is the remainder when j(-6) is divided by 10?
5
Suppose s = -2*s - 93. Let l = -18 - s. Calculate the remainder when 24 is divided by l.
11
Suppose 3*t + 0*t = -4*w + 64, 5*t - 5*w - 60 = 0. Let c = t - 12. Calculate the remainder when 5 is divided by c.
1
Suppose -5*a + 5*y = -390, a + 184 = 3*a + 5*y. Calculate the remainder when a is divided by 28.
26
Suppose -7*j - 5*p + 20 = -2*j, -p = -4. Suppose -3*c - 2*c = -2*b + 47, -4*b + 5*c + 69 = j. Calculate the remainder when 32 is divided by b.
10
Calculate the remainder when 129 is divided by (3 - 75/12)/((-2)/8).
12
Calculate the remainder when (9/(-6))/((-18)/732) is divided by 21.
19
Let c be 4/(-18) - (-25)/(-9). Calculate the remainder when (376/12)/((-2)/c) is divided by 16.
15
Let w = -73 - -109. Calculate the remainder when 249 is divided by w.
33
Let n(j) = -4*j. What is the remainder when 37 is divided by n(-5)?
17
Let z = 12 - 28. What is the remainder when 23 is divided by z/(-10)*(-3 + 8)?
7
Suppose 3*p - 2*c = 21, 5*p - 26 - 4 = 5*c. Suppose -5*w - 2*q = -228, -5*w + 2*q + 285 = 53. Let x = w + -29. What is the remainder when x is divided by p?
8
Suppose w = 3*t - t + 29, 2*t - 2*w + 28 = 0. Let d = -9 - t. Calculate the remainder when 15 is divided by d.
3
Let d be -7*((2 - 3) + -1). Suppose -3*z - 2 - 4 = 3*t, -5*z = -t - d. Suppose z*j - 5*j = -60. Calculate the remainder when j is divided by 11.
9
Calculate the remainder when (-4)/(-1) - 50/(-5) is divided by 9.
5
Suppose -4*z = 5*j - 309, 0 = -4*j + 4*z + 316 - 40. What is the remainder when j is divided by 11?
10
Let o be (9/6)/(-3)*-38. Let g = 37 - o. Calculate the remainder when g is divided by 2 + (7 - -1)/1.
8
Suppose -2*a - 35 + 131 = 0. What is the remainder when a is divided by 26?
22
Suppose 0 = 4*l - 32 - 52. Let b = 31 - l. What is the remainder when 27 is divided by b?
7
Let z(y) = -11*y. Suppose -7*o + 2*o = 0. Suppose -31 = -5*h - 3*v, -h + o*v = 2*v - 2. What is the remainder when z(-2) is divided by h?
6
Let q = -10 - -4. Let n = q - -8. What is the remainder when n is divided by 2?
0
Let v = -43 + 68. Suppose -5*s - 5 = v. Let h(o) = 2*o**2 + 4*o + 4. What is the remainder when h(s) is divided by 18?
16
What is the remainder when (-2)/14 - (-170)/14 is divided by 9?
3
Let s = 79 - 132. Let d = s - -103. Suppose -2*k + 48 = 2*k - 4*v, 0 = 4*k - v - 63. Calculate the remainder when d is divided by k.
16
Let y(r) = 6*r**2 + 5. What is the remainder when y(-5) is divided by 39?
38
Suppose -g = -2*o - 25, -3*g + o - 4*o = -39. Calculate the remainder when 49 is divided by g.
15
Suppose -155 = -5*y - 5*u, -5*y + y + u = -134. Suppose -4*o + c = -47, 7*c - y = -o + 3*c. What is the remainder when 25 is divided by o?
12
Let w(f) = f + 1. What is the remainder when 70 is divided by w(17)?
16
Let y = 27 + -8. Let w(n) = 13*n**2 + 3. What is the remainder when w(-2) is divided by y?
17
Let m = 17 + 4. Suppose d - m = 12. Let a = 37 - 20. What is the remainder when d is divided by a?
16
What is the remainder when 228 is divided by (5 - 3) + 114/2?
51
Suppose -2*k = a - 5, 4*a - 6*k - 32 = -2*k. Let m = a + -3. Suppose m*v = -4*x + 3*x + 32, -2*x + 44 = 4*v. Calculate the remainder when 35 is divided by x.
11
Suppose -3*i = -16 - 20. Suppose -c + 5*c = i. Calculate the remainder when 8/(-10)*100/(-8) is divided by c.
1
Let r(t) = t - 3. Let q be r(5). Let w(k) = 3 + k + 2*k**q - 2*k**2 + 2*k**2. Calculate the remainder when 53 is divided by w(-3).
17
Let s(y) = -5*y - 4. What is the remainder when (-42)/(1*(3 + -4)) is divided by s(-3)?
9
Suppose -7*f - 20 = -8*f + 4*v, 2*f - 5*v - 37 = 0. Calculate the remainder when f is divided by 6.
4
Let j = 53 + -43. Calculate the remainder when 26 is divided by j.
6
Suppose -d + 30 = 5*d. Suppose -4*g + 0*g + 23 = 3*y, g - d = -y. Suppose -3*h -